is the tens digit of 22758953?
5
What is the hundreds digit of 195142611?
6
What is the ten thousands digit of 223285368?
8
What is the units digit of 3860671304?
4
What is the ten millions digit of 752439122?
5
What is the hundred thousands digit of 1897597424?
5
What is the millions digit of 1077314373?
7
What is the units digit of 37739683?
3
What is the millions digit of 58728541?
8
What is the hundred millions digit of 1899039195?
8
What is the thousands digit of 38741185?
1
What is the units digit of 20515878?
8
What is the thousands digit of 229449502?
9
What is the units digit of 2172872943?
3
What is the thousands digit of 1127463578?
3
What is the thousands digit of 206269610?
9
What is the thousands digit of 61333839?
3
What is the units digit of 4168807411?
1
What is the hundred thousands digit of 717817033?
8
What is the tens digit of 1606359506?
0
What is the units digit of 140850950?
0
What is the units digit of 655009600?
0
What is the millions digit of 258517846?
8
What is the ten thousands digit of 7166976086?
7
What is the hundred thousands digit of 1244522560?
5
What is the ten thousands digit of 678651002?
5
What is the hundreds digit of 57487300?
3
What is the tens digit of 63563595?
9
What is the ten thousands digit of 1198659702?
5
What is the millions digit of 884270136?
4
What is the ten thousands digit of 3122059245?
5
What is the millions digit of 30184418?
0
What is the hundreds digit of 255127411?
4
What is the ten millions digit of 37864241?
3
What is the hundred thousands digit of 27727519?
7
What is the thousands digit of 1151217973?
7
What is the units digit of 135280626?
6
What is the ten millions digit of 511865559?
1
What is the ten thousands digit of 3348798235?
9
What is the hundred thousands digit of 434893874?
8
What is the hundred thousands digit of 5593669104?
6
What is the ten thousands digit of 2576572433?
7
What is the tens digit of 865753848?
4
What is the ten thousands digit of 554990746?
9
What is the ten thousands digit of 4467858300?
5
What is the ten thousands digit of 558465959?
6
What is the tens digit of 813026802?
0
What is the thousands digit of 111635572?
5
What is the thousands digit of 235269974?
9
What is the millions digit of 196480783?
6
What is the ten millions digit of 218455592?
1
What is the units digit of 37213247?
7
What is the thousands digit of 2718288857?
8
What is the millions digit of 3009036721?
9
What is the ten millions digit of 76316763?
7
What is the billions digit of 1478445218?
1
What is the tens digit of 458181926?
2
What is the millions digit of 3452281716?
2
What is the billions digit of 3334311839?
3
What is the ten thousands digit of 35126742?
2
What is the ten thousands digit of 356381448?
8
What is the units digit of 507576723?
3
What is the millions digit of 97073428?
7
What is the thousands digit of 111584122?
4
What is the hundreds digit of 36349589?
5
What is the millions digit of 106660243?
6
What is the hundred thousands digit of 77260816?
2
What is the hundred millions digit of 2010580303?
0
What is the hundred millions digit of 6587403354?
5
What is the tens digit of 30198833?
3
What is the tens digit of 407463451?
5
What is the ten millions digit of 23132212?
2
What is the hundred thousands digit of 171778044?
7
What is the ten thousands digit of 15071464?
7
What is the hundred millions digit of 117940276?
1
What is the units digit of 4999665?
5
What is the units digit of 1177105210?
0
What is the ten thousands digit of 44086824?
8
What is the units digit of 111518378?
8
What is the units digit of 4756960343?
3
What is the ten millions digit of 3694860127?
9
What is the ten millions digit of 24238472?
2
What is the ten millions digit of 1003354020?
0
What is the ten millions digit of 29974356?
2
What is the millions digit of 2515589?
2
What is the millions digit of 2376821414?
6
What is the hundreds digit of 167224153?
1
What is the hundred millions digit of 1272918688?
2
What is the billions digit of 1046659575?
1
What is the hundred thousands digit of 1541273464?
2
What is the ten millions digit of 42192581?
4
What is the units digit of 4769386525?
5
What is the units digit of 489470241?
1
What is the hundred thousands digit of 127108535?
1
What is the hundred thousands digit of 70767309?
7
What is the hundreds digit of 1966088528?
5
What is the tens digit of 1053823066?
6
What is the hundred thousands digit of 232419008?
4
What is the hundred thousands digit of 37908937?
9
What is the ten millions digit of 3110205058?
1
What is the hundreds digit of 10508594?
5
What is the hundred thousands digit of 78895724?
8
What is the hundred thousands digit of 19881850?
8
What is the ten thousands digit of 6191630569?
3
What is the thousands digit of 137839?
7
What is the ten thousands digit of 3440010704?
1
What is the hundred thousands digit of 51936359?
9
What is the tens digit of 737746178?
7
What is the tens digit of 310090981?
8
What is the millions digit of 85390278?
5
What is the millions digit of 1028274573?
8
What is the billions digit of 3045583604?
3
What is the thousands digit of 667924205?
4
What is the hundred thousands digit of 47868603?
8
What is the ten millions digit of 746868456?
4
What is the ten thousands digit of 261870487?
7
What is the ten millions digit of 42087487?
4
What is the thousands digit of 24411896?
1
What is the millions digit of 7757062?
7
What is the ten thousands digit of 62809665?
0
What is the ten thousands digit of 1812714497?
1
What is the hundreds digit of 81749873?
8
What is the thousands digit of 897391928?
1
What is the ten millions digit of 182495564?
8
What is the thousands digit of 336989017?
9
What is the hundred millions digit of 199597630?
1
What is the billions digit of 2509251497?
2
What is the hundred thousands digit of 176627554?
6
What is the ten thousands digit of 108010329?
1
What is the hundred thousands digit of 70686676?
6
What is the units digit of 18652118?
8
What is the units digit of 33111948?
8
What is the hundreds digit of 183584665?
6
What is the ten thousands digit of 717359304?
5
What is the ten millions digit of 1009557591?
0
What is the hundred millions digit of 152033722?
1
What is the units digit of 94964632?
2
What is the hundred millions digit of 2308633940?
3
What is the tens digit of 6076016492?
9
What is the thousands digit of 338500057?
0
What is the billions digit of 3105684119?
3
What is the millions digit of 1138245115?
8
What is the thousands digit of 925750769?
0
What is the hundred thousands digit of 2132450614?
4
What is the units digit of 95084647?
7
What is the millions digit of 324500460?
4
What is the hundred millions digit of 961119011?
9
What is the millions digit of 93733626?
3
What is the ten millions digit of 36064319?
3
What is the thousands digit of 933047922?
7
What is the millions digit of 100463980?
0
What is the thousands digit of 59926884?
6
What is the hundreds digit of 42603855?
8
What is the hundreds digit of 3862867?
8
What is the ten thousands digit of 32836399?
3
What is the thousands digit of 686197564?
7
What is the hundred millions digit of 1456234407?
4
What is the hundred thousands digit of 141928342?
9
What is the ten thousands digit of 20320346?
2
What is the ten millions digit of 158252252?
5
What is the ten thousands digit of 138304594?
0
What is the units digit of 37336335?
5
What is the hundred thousands digit of 53432224?
4
What is the hundred thousands digit of 69081663?
0
What is the ten millions digit of 4322567844?
2
What is the tens digit of 23285097?
9
What is the hundreds digit of 243160640?
6
What is the tens digit of 191452656?
5
What is the tens digit of 657093062?
6
What is the ten thousands digit of 50314179?
1
What is the hundreds digit of 3825986?
9
What is the tens digit of 759864002?
0
What is the millions digit of 233925340?
3
What is the hundred thousands digit of 860479152?
4
What is the ten millions digit of 532554946?
3
What is the thousands digit of 15421290?
1
What is the thousands digit of 1490304298?
4
What is the ten millions digit of 6524105097?
2
What is the ten thousands digit of 286424130?
2
What is the tens digit of 5895158138?
3
What is the hundreds digit of 4652669?
6
What is the hundred millions d